2*o, 4*o = -16. List the prime factors of v.
2, 21673
Let h(v) = v**3 - 27*v**2 - 102*v - 185. List the prime factors of h(51).
57037
Let p be 4918 + (5 - 5) - 2. Suppose w + 10*b = 6*b + p, 2*b + 2 = 0. What are the prime factors of (2/(-3))/((-16)/w)?
5, 41
Let u be (42/(-15))/(-7)*770. Let z = -219 + u. List the prime factors of z.
89
Suppose x = 2*c - 10592, 3*x - 7 + 13 = 0. List the prime factors of c.
3, 5, 353
Let h(k) = 7*k - 116. Let w be h(17). Suppose 0 = -2*d + 302 + 194. Suppose 2*q = -w*p + d, -4*q - 344 = p - 5*p. What are the prime factors of p?
2, 3, 7
Let s(k) = 47*k**2 - 24*k + 65. Let o be s(3). Let u = 821 - o. List the prime factors of u.
3, 5
Let u(h) be the third derivative of -53*h**4/24 + 4*h**3 - 23*h**2. Suppose 0 = 5*x - 4*n + 27, -x + 9 = -0*x + 4*n. What are the prime factors of u(x)?
3, 61
Suppose -2*y - 2*y = -4, 2*y = 2*a - 130. Let d = -65 + a. Let j = d + 9. List the prime factors of j.
2, 5
Suppose -5*u = -5*w + 15, -2*u - 1 = 1. Suppose -383 - 125 = -w*s. Let d = -62 + s. What are the prime factors of d?
2, 3
Let f(u) = -u**3 + 11*u**2 - 2. Let z be f(5). Let x = -565 - -641. Let v = z - x. What are the prime factors of v?
2, 3
Let n(h) = h**3 - 16*h**2 + 13*h + 33. Let p be n(15). Suppose -r = p - 3. Suppose 94*g - 88*g - 960 = r. List the prime factors of g.
2, 5
Suppose -s = -3*l + 9760 + 1557, 3*s = 2*l - 7547. List the prime factors of l.
2, 23, 41
Let q be 2/(-2) + (10 - -1). Let b(o) be the third derivative of -o**6/120 + o**5/6 + 13*o**4/24 - 7*o**3/6 - 162*o**2. What are the prime factors of b(q)?
3, 41
Let v(s) = -s**3 + 45*s**2 - 402*s - 34. What are the prime factors of v(28)?
2, 1019
Let s(p) = -1959*p + 215. List the prime factors of s(-5).
2, 5, 7, 11, 13
Let b = -28 - -39. Let l = b - 7. Suppose -l*q + 12 = -164. List the prime factors of q.
2, 11
What are the prime factors of (2799/(-5))/(795/(-78175))?
3, 59, 311
Suppose 4*v - 276 = 8*v. Let s = 73 + v. Let r(i) = i**3 + i**2 - 3*i + 5. List the prime factors of r(s).
73
Let a(f) = -15*f - 174. Let w be a(-12). Suppose w*x - 4208 = 2290. What are the prime factors of x?
3, 19
Suppose 0 = -3*v + 144 - 138. List the prime factors of 4/(-8)*1636*(-1)/v.
409
Suppose 0 = 4*a - 7309 + 1. Let p = -1305 + a. What are the prime factors of p?
2, 3, 29
Let h be ((-1 + 1)*-1)/(-41 - -39). Suppose -15*r + 8*r = h. Suppose r = 13*x - x - 936. List the prime factors of x.
2, 3, 13
Let l(m) = -6040*m + 6. What are the prime factors of l(-1)?
2, 3023
Suppose 36041 = 23*g - 33914 - 80235. What are the prime factors of g?
2, 5, 653
Suppose -23095*b - 114186 - 12372 = -23113*b. What are the prime factors of b?
79, 89
Let g(s) = 2*s**3 + 5*s**2 + 3*s + 10. Let f be g(-4). Let k be (1 - 2)/((-5)/f*-2). Suppose k*q - 9*q + 972 = 0. What are the prime factors of q?
3
Suppose -2*v = 31*v - 294525. List the prime factors of v.
3, 5, 7, 17
Let f(a) be the second derivative of -28*a**3 - 6*a - 3*a**2 - 28*a - 5*a. What are the prime factors of f(-1)?
2, 3
Let w = 57685 - -2014. What are the prime factors of w?
59699
Let r = -57 + 104. Suppose -r = -i - 137. Let y = i - -228. What are the prime factors of y?
2, 3, 23
Let y(i) = i**3 + 25*i**2 - 19*i. Let g be y(-24). Suppose 4*u - g = 2*u + l, -1036 = -2*u + 2*l. Let t = u + -338. List the prime factors of t.
2, 11
Suppose 5*t + 15 = 0, 4*r - 2*t + 4436 = 2*r. Let k = -1118 - r. List the prime factors of k.
1103
Let l = 416 - 288. Suppose l = o - 5. List the prime factors of o.
7, 19
Suppose -590 = -d + 15. Suppose 0 = 5*h + b - 5 - d, 5*h - b = 600. List the prime factors of h.
11
Let j(p) = p**2 - 2. Let f = 42 - 42. Let q be j(f). What are the prime factors of -23*(0 - 4 - q)?
2, 23
Suppose -7*z = -201 + 75. List the prime factors of (1 - -5)/(z/840*10).
2, 7
Let k = -57 - -57. Suppose k = 4*i - 281 - 451. What are the prime factors of i?
3, 61
Suppose 3*i - 5*i + 4 = 0. Let p be (8 - i)*(-2 + 5/2). List the prime factors of p/(2/(784/12)).
2, 7
Suppose -45*r + 293472 = -12*r + 111*r. What are the prime factors of r?
2, 1019
Let t(s) = 24*s - 24. Let x(a) = -25*a + 28. Let g(r) = 4*t(r) + 5*x(r). What are the prime factors of g(-27)?
827
Suppose -16*a + 18*a - 3037 = -3*n, -1 = -n. List the prime factors of a.
37, 41
Let t = -4358 + 18065. What are the prime factors of t?
3, 1523
Let w(m) = m**2 - 11*m + 3843. List the prime factors of w(0).
3, 7, 61
Let a = 21138 - 12218. What are the prime factors of a?
2, 5, 223
Let x = 18 + -5. Let t = -46 - -298. Suppose -t = -x*m + 11*m. List the prime factors of m.
2, 3, 7
Suppose 3*x - 11*y = -16*y + 210640, -3*x + 210635 = 4*y. List the prime factors of x.
5, 19, 739
Let d = -30 - 160. Let g = d + 398. Suppose 92 = -t + g. What are the prime factors of t?
2, 29
Suppose -3*m - 29 = -35. Suppose -316 = -m*q + 4*g + g, -5*g - 20 = 0. List the prime factors of q + 3 + (4*-2 - -4).
3, 7
Let v(f) = f**2 + 34*f - 240. Let o be v(6). Suppose -3*s + 1525 = c, o = -5*s + 8*s - 5*c - 1519. What are the prime factors of s?
2, 127
Let x(w) = 2*w**3 - 21*w**2 + 52*w - 40. What are the prime factors of x(15)?
5, 7, 79
Let r = -190 - -193. Suppose v + 1565 = 2*u, -r*u + 11*v - 6*v + 2330 = 0. What are the prime factors of u?
5, 157
What are the prime factors of (-2 + 6)/(6 - (-49574)/(-8267))?
1181
Suppose 6*x + 613 = 7741. Suppose x = -5*i + 9*i. List the prime factors of i.
3, 11
Suppose -2*g - 2*a = 6, 8*a = -3*g + 13*a + 15. Suppose g = 13*l - 10522 - 2842. List the prime factors of l.
2, 257
Suppose -4*h - n = -407, h - 51 = -5*n + 46. Let u = 78 - h. Let s = u - -34. List the prime factors of s.
2, 5
Let r = 66983 - 33443. List the prime factors of r.
2, 3, 5, 13, 43
Suppose 64*i - 8996 - 140631 = -30139. List the prime factors of i.
1867
Let d = 22 + -2. Suppose 4*u = 5*o + 16, 3*o - 4*o - d = -5*u. Suppose 3*m = -4*s + 3*s + 8, -u*s = 3*m - 5. List the prime factors of m.
3
Suppose -4*n + 9 = -7. Suppose 9*h + 3*h = n*h. Suppose -19*r + 14*r + 735 = h. List the prime factors of r.
3, 7
Suppose 4*y - 2*u = -360, -48 + 216 = -2*y - 2*u. Let q be (21 - 3)*y/12. Let j = 221 + q. List the prime factors of j.
89
Suppose -95*a - 12106 = -97*a + 3*j, 0 = -3*a + 5*j + 18158. List the prime factors of a.
2, 757
Let s = 1970 - 2865. Let z = s + 1945. What are the prime factors of z?
2, 3, 5, 7
Let w be 0 + -2 - 31*-5. Suppose -2*d = 4*h - 626, 3*d + 0*d = h - w. Let i = h + -67. What are the prime factors of i?
89
Let t(z) = z**2 - 3*z + 6. Let l(x) = -x + 13. Let i be l(10). Let p be t(i). Suppose -p*c + 70 = -4*c. List the prime factors of c.
5, 7
Let z = 7724 + -3940. What are the prime factors of z?
2, 11, 43
Suppose 3*l + 76 = -y, 3*y = -0*y + 15. What are the prime factors of (-136)/36 + 4 - 10713/l?
397
Let i = -117 + 104. Let h(g) = 2*g**2 + 25*g - 10. Let q be h(i). Suppose 2*x - 7*s + q*s - 42 = 0, 48 = 2*x + 2*s. List the prime factors of x.
23
Let x = -181 - -180. Let d(f) = -2033*f**3 - 2*f**2 + f + 3. List the prime factors of d(x).
19, 107
Suppose 4*p - 4*o = -112, -4*p - 1 - 87 = 2*o. List the prime factors of (-4)/(-8) + 3*(-14932)/p.
1867
Suppose 230 = b + 40. Let d be ((-123)/(-18) - 2)*6. Suppose b = -24*z + d*z. What are the prime factors of z?
2, 19
Let b be 1/(-2)*-8 + 1 + -88. Let v = b + 85. Suppose -2*h + 4*h - k = 71, -2*k - 72 = -v*h. List the prime factors of h.
5, 7
Let n(b) = 56*b**2 - 3*b + 2. Let r(c) = -2*c**2 - 45*c - 21. Let w be r(-22). What are the prime factors of n(w)?
5, 11
Let t(a) = 38*a**2 + 7*a + 2. Let c be t(-2). Suppose -79*m = -80*m + c. What are the prime factors of m?
2, 5, 7
Suppose 0 = -21*h + 23*h. Suppose 6*o = o + 3*k + 745, h = -4*k. Let s = o + -79. List the prime factors of s.
2, 5, 7
What are the prime factors of (-2)/11 + (36/(-2) - 9118030/(-110))?
7, 11839
Suppose -39*f - 4*f = -0*f - 591551. List the prime factors of f.
13757
Let i = -10988 + 15530. List the prime factors of i.
2, 3, 757
Let s be -7 - 3/9*-33. Let k be -2 + (-3)/(3/(-4)). Suppose -s*n - 152 = -i - 12, 0 = -k*i - 3*n + 280. List the prime factors of i.
2, 5, 7
Suppose -5*s + 19*v + 208 = 17*v, 5*v + 180 = 4*s. What are the prime factors of (-6228)/(-51) - s/340?
2, 61
Let a(i) = -i**2 + 49*i - 46. Suppose 4*j - 90 - 6 = 0. List the prime factors of a(j).
2